 - ((-6 - -2) + -3 + -4)).
0
(-3 - 1) + (-35 - (31 + -75))
5
(-5 - -4) + ((-4 - 2) + 10 - 2)
1
What is the value of 1 + (2 - (-2 + -1)) - (16 + -11)?
1
-10 - (1 + (-1 + -2 - -3))
-11
Calculate 2 - -40 - 69 - (-2 + -2).
-23
Calculate 20 + 42 + -24 + -21.
17
Evaluate 16 + 8 + -10 + -3.
11
11 - -25 - 28 - 8
0
-6 + (6 + 0 - 4) + 3
-1
What is (2 - (3 - -6) - (9 + -4)) + 5?
-7
What is the value of (4 + -14 - -14) + -9?
-5
What is the value of (21 + -7 - 5) + -6?
3
What is 2 - 17 - (-59 + 48)?
-4
What is 0 + 5 + (-42 - (17 - (19 + 18)))?
-17
-15 - (-39 - (22 - 36))
10
What is -9 + 16 - (3 - -4)?
0
What is the value of 7 - (2 + 35) - 4 - (0 - 5)?
-29
9 + -21 - (-4 + 1)
-9
Evaluate (-32 - (9 - -2)) + 0 + 8.
-35
Evaluate (6 - 4) + (1 - 21) + -4 + 5.
-17
-13 + 3 - -7 - 2
-5
What is the value of 4 + 8 + (-8 - -7) - 10?
1
Evaluate -1 + (-3 + -6 - 2) + -1.
-13
What is the value of -3 - (25 - 35 - 23)?
30
What is the value of (-16 - (-17 + (-18 - -21))) + 2?
0
What is the value of -1 - (5 + 2 + (55 - 60) - 0)?
-3
Calculate -6 + -13 - -1 - (2 - 6).
-14
What is -26 + (12 - (-7 + 18 - 1))?
-24
18 + -20 - -18 - 9
7
Calculate (5 - 12) + -1 + 2 + -20 + -10.
-36
What is the value of 99 + -106 - (1 - -9)?
-17
(-1 + -3 - 1) + 44 + 12 + -39
12
What is -14 - -8 - (-2 + 1 + -3)?
-2
Calculate 185 - 170 - (17 + -1).
-1
Calculate -13 + 3 + -33 + 23.
-20
Evaluate -1 + 1 + -8 + 10 + -5 + 10.
7
Calculate 86 + -102 - (-14 + 5 + 5).
-12
What is the value of (-13 - 0) + 101 + -83?
5
What is the value of 77 - 84 - ((-6 - -1) + 18)?
-20
Evaluate -4 + -1 - (65 - 59).
-11
579 - 594 - (2 + (3 - (12 + 2)))
-6
12 + (-8 + 2 + 5 - (-1 - -2))
10
What is the value of -5 - (-6 + (-8 - (-12 - -5))) - 26?
-24
40 + (-5 + 9 + -8 - 9)
27
1 + (-3 - -1) - (-2 - (0 + -2))
-1
Calculate (2 + -2 + 3 - (-12 + 14)) + 13.
14
What is the value of -5 + 4 + (-6 - (5 - (-4 + 3)))?
-13
-1 + (1 - 13 - (95 - 85)) - -7
-16
What is the value of (-8 - -3 - -1 - (11 + -2)) + 7?
-6
-10 - (-5 - (14 - 18))
-9
Calculate -8 + -1 + (-3 + 5 - 9).
-16
What is 12 - (14 - (11 + -24 - -31))?
16
What is the value of 12 + -2 + -30 + 18?
-2
Calculate (33 + -38 - (-4 - (0 - 0))) + 6.
5
Evaluate 1 + 4 + (2 - (-6 - (6 - -4))).
23
Calculate (-30 - -3) + (-31 - -27).
-31
What is -10 - (10 - (14 + -10 - -30))?
14
What is -9 + 17 - 22 - -26?
12
Calculate (19 + 6 - 9) + -28.
-12
-36 + (-33 - (-57 - 0))
-12
Evaluate (-2 - 17) + 47 - (-4 + 8 + -5).
29
What is 8 - 16 - (-124 + 137)?
-21
What is the value of 33 + (11 - -2) + -29?
17
What is the value of -6 + (-15 + 5 - (-14 + -2))?
0
10 + (0 - -6) - 8 - -5
13
Calculate -39 + 41 + -3 + (1 - -1).
1
Evaluate 36 - 10 - (10 + (19 - 17)).
14
What is -10 + -3 + 12 + -6?
-7
Evaluate 3 + (-28 - -16) - (-1 + -3 + 9).
-14
8 + (28 - 11) + -43
-18
What is the value of (1 + -1 - 4) + (416 - 398) + -7?
7
What is the value of (3 - 31) + 47 + -28?
-9
What is (-40 - -6) + -69 + 84?
-19
Calculate -4 + -48 + 28 + 18.
-6
-18 + 5 + -3 + 19 - -24
27
What is (-11 - -9) + 10 + (0 - 25)?
-17
Evaluate -7 - (12 - 15) - -13.
9
(1 + -9 - (-11 + -6 + 7)) + 11
13
Evaluate 73 + -56 - (-1 + 11).
7
2 - 11 - (-11 + 7 + -5)
0
Evaluate (-429 - -424) + 15 + 1.
11
What is the value of -3 - (-28 + 15 + 30)?
-20
What is the value of 1 - 5 - -17 - (-14 + 22)?
5
What is -21 + 2 - (1 + 55 + -61)?
-14
Calculate 19 + -1 + (61 - 72) + -16.
-9
12 - (25 - (7 - -7))
1
What is -1 + (2 - 4) + -1 + 6?
2
Calculate 5 - (-36 + 43 - (31 + 0)) - 10.
19
Evaluate 11 + -14 + (-11 - -7).
-7
What is -1 + (-17 - 2) + 30?
10
What is the value of (17 - 10) + 2 - ((0 - 0) + -1)?
10
Calculate (-8 - (2 + -21) - 5) + -12 - 1.
-7
-97 + 97 - (8 + (2 - 0))
-10
What is (11 - -7) + -13 - 4?
1
Calculate 86 + -98 + (16 - 4).
0
What is 6 + (-4 - -1 - (7 - (-7 + 6)))?
-5
-10 - ((-19 - -43) + -15)
-19
What is 7 + 2 + (30 - 17) - 9?
13
Evaluate (15 - (2 + -5)) + (-10 - -2).
10
(-44 - -47) + 2 + -10
-5
Calculate -5 - -5 - (-12 - -3) - 1 - 37.
-29
-4 + (7 - -2 - (-1 - -3))
3
What is -7 + (-21 - (10 + -31))?
-7
What is the value of -3 + 1 + 17 + -7?
8
What is the value of (-10 + 5 - -8) + -2 + -9?
-8
Evaluate (2 - (-5 + 16)) + -2.
-11
Calculate -61 - -60 - (-6 + -3).
8
Calculate (-9 - 5) + 14 - -10.
10
What is 5 - (0 - -15) - (1 + 5)?
-16
Calculate (308 - 245) + (-3 - 28).
32
4 - (-19 + (-2 - -7))
18
What is 10 + (10 - 5) - (4 + 2) - 0?
9
Evaluate (2 - -6) + -4 + 2 + -8 + 3.
1
Calculate 5 + -9 - -3 - 3 - (2 - 6).
0
Calculate (11 - 17 - -6) + 13.
13
Evaluate (4 - -24) + (146 - 206).
-32
What is the value of -10 - ((6 + 17 - 17) + (-1 - -1))?
-16
What is 7 + (7 - (1 - 3))?
16
Calculate -3 - -2 - -13 - (49 - 42) - 23.
-18
Evaluate -8 - (1 - (-5 + 12)) - (-19 + 3).
14
(49 - 14) + 43 + -78
0
What is the value of (5 - 9) + -17 - (-1 + -5)?
-15
What is the value of 83 + -144 + 18 - (-8 + -1 + 1)?
-35
What is -1 + -8 + (2 - (-3 - -11))?
-15
Calculate -5 + (1 + -7 - (34 - 43)).
-2
Calculate 36 + -19 + (4 - (10 + -13)).
24
What is the value of -14 + 38 + -6 + -37?
-19
Evaluate 1 - (1 + 2 + (60 - 62) + 0).
0
8 - (8 + (6 - 11) + 2)
3
Calculate (4 - (3 - (-6 + 5))) + -5.
-5
What is 49 - 52 - (-5 + -2) - (4 - 2)?
2
-14 - (3 - (-7 - (-3 - -3 - 6)))
-18
Evaluate (64 - 29) + -36 + (18 - 2).
15
(115 - 110) + -31 + (2 - 0) - -9
-15
32 - (0 - (-7 + 1) - (22 + -25))
23
Calculate -18 - (-1 + 3) - (-499 - -490).
-11
What is the value of (2 - (5 + -11)) + (20 - -10 - 1)?
37
What is -1 + 33 - (589 - 576)?
19
What is -1 + 10 + -2 + (1 - (2 + 6))?
0
6 + (0 - -13) + -48 + 11
-18
What is the value of (-5 - (-1 - -1)) + -28 + 153 + -152?
-32
What is the value of 10 - -11 - 9 - 21?
-9
What is -1 + 12 - (11 + (-19 - -3))?
16
What is (0 - -4) + (16 - 28) + 7?
-1
Evaluate -3 + 11 + -9 + -8 - -22.
13
Evaluate -42 - (-21 + 0 + -21).
0
What is (24 - -1) + -2 - (-87 - -92)?
18
Evaluate 67 + -29 + -49 - (2 + 15).
-28
What is (-6 - -23) + -18 + (-10 - 0) + 2?
-9
What is (205 - 205) + (-16 - (-7 - -4) - -2)?
-11
6 + -1 - (0 + -3 + -19 + 32)
-5
Calculate -26 + (39 + -63 - -36).
-14
-4 + 8 + 10 + -29
-15
-3 + -26 - (-18 + 11)
-22
Calculate (29 - 3) + (6 - 0 - -10 - 4).
38
Evaluate 1 + -11 + 9 + 1 + -24 + 2.
-22
Evaluate -2 - 1 - (-235 - -251).
-19
Calculate -47 + 21 + -9 - -30.
-5
-2 + (11 - (-4 + (13 - 14)))
14
0 - 3 - (-3 - (2 + 6 + -13))
-5
Calculate 10 - (13 + 5 + -10).
2
What is 20 + -44 - ((2 - 14) + 2)?
-14
Evaluate -7 + (12 - 18) + 24.
11
Calculate -15 + (18 - -8) - (1 - -1).
9
Calculate (6 - (-3 + -3 + 8)) + 42 + -30.
16
What is the value of -6 + (-9 + 16 - 15)?
-14
1 + 1 + 3 - (1466 - 1444)
-17
What is -9 + (-1 - 5) + (74 - 67)?
-8
What is (195 - 170) + 4 + -28?
1
Calculate 4 + -14 - (2 + -30 + 10).
8
What is (2 + -7 - 7) + 4 + -8?
-16
-8 - (-16 + (-5 - -4) - (0 - -8))
17
Calculate -3 - (25 + (-37 - -35)).
-26
Evaluate (1 - -2 - (34 + -29)) + 6.
4
Calculate 0 - (-6 - (6 - (-5 + 9))).
8
What is -21 + -3 + -6 + 3 + -9?
-36
What is 42 - ((11 - -25) + -20)?
26
What is the value of 11 + (2 - 13) + 5 - (8 + -1)?
-2
21 + -34 + 2 + 7
-4
Calculate (-11 - -2) + (16 - 11 - -7).
3
What is the value of 1 + 9 + 1 + 11 + -8?
14
What is the value of (-7 - -27) + 21 + -41?
0
What is 11 - 8 - (9 + 10)?
-16
Calculate (-4 - (3 + -5)) + -22 + 9 - -6.
-9
Calculate (-3 - (5 + -11)) + -10.
-7
What is the value of (19 - (4 + 6) - (-2 - -13)) + -26?
-28
What is -22 + 0 + 62 - 25?
15
Calculate -1 - (3 + (3 - 13)).
6
What is the value of (-1 - -30) + 91 + -87 + -5?
28
Calculate -13 + 1 + 35 - 14.
9
What is (-10 - (-2 - 6)) + -7 + 3 + -13?
-19
What is the value of -2 + -9 + (-53 + 68 - -16)?
20
Calculate 1 + -8 + (-5 - (-15 - -5) - -2).
0
What is the value of 5 - 16 - (-19 - (-5 + -3))?
0
What is the value of 6 + 6 + (0 - 25 - -16)?
3
What is the value of -34 - -39 - (13 - -15)?
-23
Calculate 0 + 2 + 1 + (-5 - 17) + 2.
-17
What is 10 - 10 - (-1 - -1)?
0
Evaluate 1 - (-24 + 12 + -2).
15
What is -13 + (5 - 1) + -2 + -17?
-28
Evaluate 59 + -27 - 26 - (1 - -1).
4
What is the value of (-66 - -77) + (9 - 28)?
-8
1 + 6 + (3 - 0) + -1
9
What is -22 + 26 + -12 - (-1 - -4)?
-11
Evaluate 4 + -7 + -7 + 11 + 22 - 5.
18
What is the value of 22 + 6 + -46 - -26?
8
(-8 - (0 + (5 - 2))) + (64 - 57)
-4
What is the value of 1 - (-9 + (3 - 1) + (18 - 15))?
5
What is -4 + -12 + 22 + -16 + 0?
-10
Evaluate (-21 - (2 + -8)) + 16.
1
What is the value of (